*s = 2*l - 7*l + o, -l = 3*s - 15. What are the prime factors of l?
3
Let k(u) = 2*u + 4*u - 4*u**2 + 3*u**2 + 5. Let s = 3 + 3. List the prime factors of k(s).
5
Let j(x) = 5*x**3 - 2*x**2 + 1. Let u be j(1). Suppose 3*l + u*t = 15, 4 - 9 = -l + 2*t. List the prime factors of l.
5
List the prime factors of (-7)/((-2)/(3 + -1)).
7
Suppose g = 2*m + 14, 0 = -2*g - 5*m + 23 + 14. List the prime factors of g.
2
Suppose -3*j = -3*k - 3, -6*j + 13 = -2*j - k. Suppose 7 + 29 = j*t. List the prime factors of t.
3
Suppose 10 = 4*a + a. Suppose 4*k - a*c = 2*k + 4, -c = k - 2. List the prime factors of k.
2
Let u(m) = 3*m**2 + 40*m. What are the prime factors of u(-16)?
2
Suppose -7*c = -c - 282. List the prime factors of c.
47
Suppose 7*v = 9*v - 88. What are the prime factors of v?
2, 11
Suppose 3 = d + 1. Suppose -d = 3*f - 0*b + 5*b, -b + 14 = 3*f. What are the prime factors of f?
2, 3
Let m(w) = -w**3 + 7*w**2 - 6*w - 2. Let v be (-1)/(-6) + (-58)/(-12). List the prime factors of m(v).
2, 3
Let p = 131 + -102. List the prime factors of p.
29
Let t(q) = -q**3 - 3*q**2 + 4*q + 1. Let i be t(-4). Let p = 4 - i. Suppose 2*a - 24 = -3*d, a + a = p*d. What are the prime factors of a?
2, 3
Let u be (3 + 30/(-9))*3. What are the prime factors of (-38)/6*u*3?
19
Suppose 5*d = 3*p + 239 - 30, -65 = -2*d - 5*p. Let c = -19 + d. List the prime factors of c.
3, 7
Suppose 0*f - 2*y - 12 = 4*f, -14 = 2*f + 3*y. Let l be 13/(f*(-2 - -1)). Let z = l + -4. List the prime factors of z.
3
What are the prime factors of (12/15)/(2/5)?
2
Suppose -2*v - 4*j = j + 22, 2*v = -j - 38. List the prime factors of 5/((-140)/72)*v.
2, 3
Suppose 2*u - 4*u - 3*w = -141, -2*u - 5*w + 143 = 0. List the prime factors of u.
3, 23
Let b = 6 + -3. Suppose -3*l + 5*s + 24 = 0, -4*s - b - 3 = 2*l. Suppose l*m + 10 = 4*m. List the prime factors of m.
2, 5
Suppose -5*p + 3*w = w + 8, 2*p - 3*w = -12. Let f = 2 - p. Suppose -4 = -3*k + f*k - 4*u, 2*k - u = 8. List the prime factors of k.
2
Let s be (-636)/(-4)*1/3. Suppose 5*f - 238 = -s. Suppose 5*o - 3*a = f, 6*o = 2*o + 3*a + 29. What are the prime factors of o?
2
Let z = -7 - -9. Suppose -16 = -0*h - z*h - 4*k, 2*k + 8 = h. What are the prime factors of h?
2
Suppose 0 = -2*p + 6*p - 2*n - 684, n - 513 = -3*p. What are the prime factors of p?
3, 19
Suppose 2*w - 9 = b, 2*w + 3*b = 50 - 21. What are the prime factors of w?
7
Suppose -9 = -2*h - u, -3*h + 4*h + 5*u = 27. Let p(l) be the first derivative of 4*l**2 - 6. What are the prime factors of p(h)?
2
Let y(d) = 6*d**2 - d**2 - 4*d + d**2 + 2 - d**3 + 2. List the prime factors of y(3).
19
Suppose -2*n + 4 = -3*n. Let k(r) = -4*r**2 + 3*r**3 - 2*r**3 - 2*r**3 - 1 + 5. What are the prime factors of k(n)?
2
Let u = 72 + 245. What are the prime factors of u?
317
Suppose z - n - 56 - 5 = 0, 4*z + 2*n = 238. Let j = 30 - 26. Suppose p + j*p - z = 0. What are the prime factors of p?
2, 3
Let t = 50 + -27. Suppose 2*j - 10 = 0, f + 3*j = -2*j + t. List the prime factors of (12/16)/(f/(-48)).
2, 3
Let u(a) = -a**2 + 9*a - 8. Let b be u(6). Suppose 5*k - 4*k = -b. List the prime factors of (2/2)/((-2)/k).
5
Let x = 55 + -86. What are the prime factors of (x - -1)*(-40)/24?
2, 5
Let x(o) = -o - 5. Let v be x(-3). Let u be 19/1 + 0 + v. Let c = u - 8. List the prime factors of c.
3
Let f be -6 - (-6 + 0 + 4). Let b = 3 + 1. List the prime factors of 74/b - 2/f.
19
Suppose 8 = n + 4. Suppose 0*o - o + s + 12 = 0, 2*s + 52 = n*o. What are the prime factors of o?
2, 7
Suppose 5*f = -0 + 15, -77 = -5*s - 4*f. List the prime factors of s.
13
Suppose p + 2*p - 45 = 0. Suppose 0 = -5*r - p, r = -3*y + 2*y. Suppose -6 + 39 = y*g. What are the prime factors of g?
11
Let k(g) = -3*g. Let a(y) = -2*y - 7. Let q(l) = 6*l + 20. Let p(r) = 11*a(r) + 4*q(r). Let s be p(-4). What are the prime factors of k(s)?
3, 5
Let o be 30 - (-4)/(2 - 0). Suppose 0 = -g - 4*m + o, 4*g + 5*m - 66 = 106. What are the prime factors of g?
2, 3
Let i = 25 - 1. List the prime factors of i.
2, 3
Suppose 0 = -2*l + 4*j + 42 + 20, -l + 3*j = -29. List the prime factors of l.
5, 7
List the prime factors of ((-68)/(-6))/(44/66).
17
Let c = 5 - 2. What are the prime factors of c?
3
Let p(b) be the third derivative of -7/24*b**4 + 0 - 2*b**2 + 4/3*b**3 + 1/60*b**5 + 0*b. List the prime factors of p(7).
2
Let k = -115 + 163. What are the prime factors of k?
2, 3
Let m = 87 + -60. Let l be 6/m + 2/(-9). Suppose l = -4*j - 2 + 42. What are the prime factors of j?
2, 5
Let h = 116 - 83. What are the prime factors of h?
3, 11
Let u(h) = h + 11. Let o be u(-15). What are the prime factors of (82/o)/(6/(-12))?
41
Let l = 8 - 4. What are the prime factors of l?
2
Suppose 3*h = -2*h + 970. List the prime factors of h/10 + (-18)/(-30).
2, 5
Let f be (-2*2)/(1/2). Let r = f + 33. List the prime factors of ((-20)/r)/((-4)/50).
2, 5
Let z be ((-60)/18)/((-2)/9). Suppose z = 3*f - 0*f. What are the prime factors of f?
5
Let n = -36 - -62. List the prime factors of n.
2, 13
Suppose 16*h - 17*h + 69 = 0. What are the prime factors of h?
3, 23
Suppose 0 = -5*a + 219 + 396. List the prime factors of a.
3, 41
Let i = -13 - -10. What are the prime factors of (-6)/(46/(-14) - i)?
3, 7
What are the prime factors of ((-22)/55)/(2/(-290))?
2, 29
Let r(q) = -6*q - 1. List the prime factors of r(-8).
47
Let p = -2 + 14. What are the prime factors of p?
2, 3
Let k be (-2)/4 - (-9)/2. Suppose -1 = -k*c + 47. Suppose 5*i - 40 = 3*m, 5*i - 4*m + c = 47. What are the prime factors of i?
11
Suppose -6 = 4*b - 26. Suppose 2*y + 2*q - 12 = y, -b = 5*y - 3*q. What are the prime factors of y?
2
Let v(g) = 21*g**2 - g - 10. What are the prime factors of v(3)?
2, 11
Let s be -15*(-6 - (-6 - -3)). Let g = -17 + s. List the prime factors of g.
2, 7
Let y = -18 + 29. Suppose 3*v = 4*v - y. List the prime factors of v.
11
Suppose 0 = 5*h + 15, 0*c - 3 = 3*c + 3*h. What are the prime factors of c/8 - (-161)/28?
2, 3
Let c be (5 + -13)*(-5)/(-4). Let f = 18 + c. What are the prime factors of f?
2
What are the prime factors of 2563/77 + 4/(-14)?
3, 11
Let g be (-1)/(-5) - (-380)/(-25). Let d = g - -22. What are the prime factors of d?
7
Let t = 6 - 3. Suppose -1 = -4*w - 4*k + t, 6 = 2*k. List the prime factors of w/(-3)*(-99)/(-6).
11
Let w be (-216)/(-22) + 2/11. Suppose 5*i + 110 = w*i. What are the prime factors of i?
2, 11
Let t = -17 - -26. Suppose -t = -4*q + 3*q. What are the prime factors of q?
3
Suppose -7*i + 10*i = -15. What are the prime factors of (-1 - 1)*(i - 1)?
2, 3
Suppose 0 = 6*a - 3*a - 144. What are the prime factors of a?
2, 3
Let o(y) = y. Let m = 0 + 2. Let w be o(m). Suppose w + 1 = k. What are the prime factors of k?
3
Let g(l) = -2*l + 3. List the prime factors of g(-3).
3
Let a = 16 - 6. Suppose 2*d + 3*o - 10 = 0, -3*o = -2*d + 2*o + a. Suppose -d - 11 = -2*k. List the prime factors of k.
2
List the prime factors of (93/4)/((-9)/(-36)).
3, 31
Suppose 0 = 5*c + c - 42. List the prime factors of c.
7
Suppose -5*b - 5*d = 5, 0*d - 2 = -d. What are the prime factors of 1/(b/(-42)*2)?
7
What are the prime factors of (-1169)/(-28) + (-6)/8?
41
Let n(k) = 12*k**2 + 3*k - 4. List the prime factors of n(2).
2, 5
Let j(n) = 2*n**2 + 11*n + 5. Suppose 4*c + c = -35. List the prime factors of j(c).
2, 13
Suppose 0 = -5*v + 28 + 202. What are the prime factors of v?
2, 23
Suppose 4*q - 5*n = -9, -3*q + 3*n = -0*q + 3. Suppose -q*l + l = 0. Suppose l*f = f - 6. List the prime factors of f.
2, 3
Let s be 2*(78/2)/(-1). List the prime factors of ((-2)/4)/(3/s).
13
Let c(d) = -d**3 + 9*d**2 - 8*d - 7. Let b be c(8). Let t(q) = q + 8. Let r be t(b). Let i = r - -2. What are the prime factors of i?
3
Let p(j) = 3*j**2 - 2*j**2 + 5*j + 4*j**2 + 13. Let y(b) = 2*b**2 + 2*b + 6. Let c(q) = 4*p(q) - 9*y(q). List the prime factors of c(-2).
2
Suppose 5*l = p + 39, 4*p + 32 + 32 = -3*l. Let h = 28 + p. What are the prime factors of h?
3
Let b be 2*3 - (4 + -3). Suppose 145 = -0*d + b*d. What are the prime factors of d?
29
Let s(l) = -7*l - 5. Let q be s(-4). Suppose 4*j - o + 2*o = q, 34 = 2*j - 4*o. What are the prime factors of j?
7
Let y be 3/3*1/(-1). Let v be -3 + (-1)/(y - -2). Let n(k) = -k + 5. List the prime factors of n(v).
3
Let b(m) = m**2 - 11*m + 14. Let k be 